{"id":37,"date":"2023-06-25T20:38:54","date_gmt":"2023-06-25T23:38:54","guid":{"rendered":"https:\/\/belladonna.com.ar\/?page_id=37"},"modified":"2023-11-01T09:16:30","modified_gmt":"2023-11-01T12:16:30","slug":"postres","status":"publish","type":"page","link":"https:\/\/belladonna.com.ar\/?page_id=37","title":{"rendered":"Postres"},"content":{"rendered":"\t\t<div data-elementor-type=\"wp-page\" data-elementor-id=\"37\" class=\"elementor elementor-37\">\n\t\t\t\t\t\t\t\t\t<section class=\"elementor-section elementor-top-section elementor-element elementor-element-519f494 elementor-section-height-min-height elementor-section-boxed elementor-section-height-default elementor-section-items-middle\" data-id=\"519f494\" data-element_type=\"section\" data-settings=\"{&quot;background_background&quot;:&quot;classic&quot;}\">\n\t\t\t\t\t\t<div class=\"elementor-container elementor-column-gap-default\">\n\t\t\t\t\t<div class=\"elementor-column elementor-col-100 elementor-top-column elementor-element elementor-element-109473f\" data-id=\"109473f\" data-element_type=\"column\">\n\t\t\t<div class=\"elementor-widget-wrap elementor-element-populated\">\n\t\t\t\t\t\t\t\t<div class=\"elementor-element elementor-element-4f5bd5d elementor-widget elementor-widget-image\" data-id=\"4f5bd5d\" data-element_type=\"widget\" data-widget_type=\"image.default\">\n\t\t\t\t<div class=\"elementor-widget-container\">\n\t\t\t<style>\/*! elementor - v3.15.0 - 09-08-2023 *\/\n.elementor-widget-image{text-align:center}.elementor-widget-image a{display:inline-block}.elementor-widget-image a img[src$=\".svg\"]{width:48px}.elementor-widget-image img{vertical-align:middle;display:inline-block}<\/style>\t\t\t\t\t\t\t\t\t\t\t\t<img decoding=\"async\" width=\"768\" height=\"307\" src=\"https:\/\/belladonna.com.ar\/wp-content\/uploads\/2023\/07\/seccion-POSTRES-HELADOSPNG-768x307.png\" class=\"attachment-medium_large size-medium_large wp-image-24651\" alt=\"\" loading=\"lazy\" srcset=\"https:\/\/belladonna.com.ar\/wp-content\/uploads\/2023\/07\/seccion-POSTRES-HELADOSPNG-768x307.png 768w, https:\/\/belladonna.com.ar\/wp-content\/uploads\/2023\/07\/seccion-POSTRES-HELADOSPNG-300x120.png 300w, https:\/\/belladonna.com.ar\/wp-content\/uploads\/2023\/07\/seccion-POSTRES-HELADOSPNG-1024x410.png 1024w, https:\/\/belladonna.com.ar\/wp-content\/uploads\/2023\/07\/seccion-POSTRES-HELADOSPNG-1536x615.png 1536w, https:\/\/belladonna.com.ar\/wp-content\/uploads\/2023\/07\/seccion-POSTRES-HELADOSPNG.png 2001w\" sizes=\"(max-width: 768px) 100vw, 768px\" \/>\t\t\t\t\t\t\t\t\t\t\t\t\t\t\t<\/div>\n\t\t\t\t<\/div>\n\t\t\t\t\t<\/div>\n\t\t<\/div>\n\t\t\t\t\t\t\t<\/div>\n\t\t<\/section>\n\t\t\t\t<section class=\"elementor-section elementor-top-section elementor-element elementor-element-09cac1f elementor-reverse-mobile elementor-section-boxed elementor-section-height-default elementor-section-height-default\" data-id=\"09cac1f\" data-element_type=\"section\">\n\t\t\t\t\t\t<div class=\"elementor-container elementor-column-gap-default\">\n\t\t\t\t\t<div class=\"elementor-column elementor-col-50 elementor-top-column elementor-element elementor-element-a338854\" data-id=\"a338854\" data-element_type=\"column\">\n\t\t\t<div class=\"elementor-widget-wrap elementor-element-populated\">\n\t\t\t\t\t\t\t\t<div class=\"elementor-element elementor-element-4638be8 elementor-widget elementor-widget-text-editor\" data-id=\"4638be8\" data-element_type=\"widget\" data-widget_type=\"text-editor.default\">\n\t\t\t\t<div class=\"elementor-widget-container\">\n\t\t\t<style>\/*! elementor - v3.15.0 - 09-08-2023 *\/\n.elementor-widget-text-editor.elementor-drop-cap-view-stacked .elementor-drop-cap{background-color:#69727d;color:#fff}.elementor-widget-text-editor.elementor-drop-cap-view-framed .elementor-drop-cap{color:#69727d;border:3px solid;background-color:transparent}.elementor-widget-text-editor:not(.elementor-drop-cap-view-default) .elementor-drop-cap{margin-top:8px}.elementor-widget-text-editor:not(.elementor-drop-cap-view-default) .elementor-drop-cap-letter{width:1em;height:1em}.elementor-widget-text-editor .elementor-drop-cap{float:left;text-align:center;line-height:1;font-size:50px}.elementor-widget-text-editor .elementor-drop-cap-letter{display:inline-block}<\/style>\t\t\t\t<p>Crema helada de vainilla, con coraz\u00f3n de dulce de leche repostero y ba\u00f1o de crocante de almendras y caramelo.<\/p>\t\t\t\t\t\t<\/div>\n\t\t\t\t<\/div>\n\t\t\t\t\t<\/div>\n\t\t<\/div>\n\t\t\t\t<div class=\"elementor-column elementor-col-50 elementor-top-column elementor-element elementor-element-e112cf2\" data-id=\"e112cf2\" data-element_type=\"column\">\n\t\t\t<div class=\"elementor-widget-wrap elementor-element-populated\">\n\t\t\t\t\t\t\t\t<div class=\"elementor-element elementor-element-dd9d164 elementor-widget elementor-widget-image\" data-id=\"dd9d164\" data-element_type=\"widget\" data-widget_type=\"image.default\">\n\t\t\t\t<div class=\"elementor-widget-container\">\n\t\t\t\t\t\t\t\t\t\t\t\t\t\t\t<img decoding=\"async\" width=\"511\" height=\"289\" src=\"https:\/\/belladonna.com.ar\/wp-content\/uploads\/2023\/07\/almendradoPNG.png\" class=\"attachment-large size-large wp-image-24709\" alt=\"\" loading=\"lazy\" srcset=\"https:\/\/belladonna.com.ar\/wp-content\/uploads\/2023\/07\/almendradoPNG.png 511w, https:\/\/belladonna.com.ar\/wp-content\/uploads\/2023\/07\/almendradoPNG-300x170.png 300w\" sizes=\"(max-width: 511px) 100vw, 511px\" \/>\t\t\t\t\t\t\t\t\t\t\t\t\t\t\t<\/div>\n\t\t\t\t<\/div>\n\t\t\t\t\t<\/div>\n\t\t<\/div>\n\t\t\t\t\t\t\t<\/div>\n\t\t<\/section>\n\t\t\t\t<section class=\"elementor-section elementor-top-section elementor-element elementor-element-601b219 elementor-section-boxed elementor-section-height-default elementor-section-height-default\" data-id=\"601b219\" data-element_type=\"section\">\n\t\t\t\t\t\t<div class=\"elementor-container elementor-column-gap-default\">\n\t\t\t\t\t<div class=\"elementor-column elementor-col-50 elementor-top-column elementor-element elementor-element-d1f2c24\" data-id=\"d1f2c24\" data-element_type=\"column\">\n\t\t\t<div class=\"elementor-widget-wrap elementor-element-populated\">\n\t\t\t\t\t\t\t\t<div class=\"elementor-element elementor-element-2ffcdd2 elementor-widget elementor-widget-image\" data-id=\"2ffcdd2\" data-element_type=\"widget\" data-widget_type=\"image.default\">\n\t\t\t\t<div class=\"elementor-widget-container\">\n\t\t\t\t\t\t\t\t\t\t\t\t\t\t\t<img decoding=\"async\" width=\"511\" height=\"289\" src=\"https:\/\/belladonna.com.ar\/wp-content\/uploads\/2023\/07\/reinaPNG.png\" class=\"attachment-large size-large wp-image-24711\" alt=\"\" loading=\"lazy\" srcset=\"https:\/\/belladonna.com.ar\/wp-content\/uploads\/2023\/07\/reinaPNG.png 511w, https:\/\/belladonna.com.ar\/wp-content\/uploads\/2023\/07\/reinaPNG-300x170.png 300w\" sizes=\"(max-width: 511px) 100vw, 511px\" \/>\t\t\t\t\t\t\t\t\t\t\t\t\t\t\t<\/div>\n\t\t\t\t<\/div>\n\t\t\t\t\t<\/div>\n\t\t<\/div>\n\t\t\t\t<div class=\"elementor-column elementor-col-50 elementor-top-column elementor-element elementor-element-c52c5af\" data-id=\"c52c5af\" data-element_type=\"column\">\n\t\t\t<div class=\"elementor-widget-wrap elementor-element-populated\">\n\t\t\t\t\t\t\t\t<div class=\"elementor-element elementor-element-32a9bd1 elementor-widget elementor-widget-text-editor\" data-id=\"32a9bd1\" data-element_type=\"widget\" data-widget_type=\"text-editor.default\">\n\t\t\t\t<div class=\"elementor-widget-container\">\n\t\t\t\t\t\t\t<p>Crema helada de americana, con coraz\u00f3n de dulce de leche repostero y ba\u00f1o de chocolate semi amargo.<\/p>\t\t\t\t\t\t<\/div>\n\t\t\t\t<\/div>\n\t\t\t\t\t<\/div>\n\t\t<\/div>\n\t\t\t\t\t\t\t<\/div>\n\t\t<\/section>\n\t\t\t\t<section class=\"elementor-section elementor-top-section elementor-element elementor-element-ce49cca elementor-reverse-tablet elementor-reverse-mobile elementor-section-boxed elementor-section-height-default elementor-section-height-default\" data-id=\"ce49cca\" data-element_type=\"section\">\n\t\t\t\t\t\t<div class=\"elementor-container elementor-column-gap-default\">\n\t\t\t\t\t<div class=\"elementor-column elementor-col-50 elementor-top-column elementor-element elementor-element-231295e\" data-id=\"231295e\" data-element_type=\"column\">\n\t\t\t<div class=\"elementor-widget-wrap elementor-element-populated\">\n\t\t\t\t\t\t\t\t<div class=\"elementor-element elementor-element-fa7803c elementor-widget elementor-widget-text-editor\" data-id=\"fa7803c\" data-element_type=\"widget\" data-widget_type=\"text-editor.default\">\n\t\t\t\t<div class=\"elementor-widget-container\">\n\t\t\t\t\t\t\t<p>Crema helada de americana, con coraz\u00f3n de dulce de leche repostero y ba\u00f1o de bolitas de chocolate.<\/p>\t\t\t\t\t\t<\/div>\n\t\t\t\t<\/div>\n\t\t\t\t\t<\/div>\n\t\t<\/div>\n\t\t\t\t<div class=\"elementor-column elementor-col-50 elementor-top-column elementor-element elementor-element-b4bb5e8\" data-id=\"b4bb5e8\" data-element_type=\"column\">\n\t\t\t<div class=\"elementor-widget-wrap elementor-element-populated\">\n\t\t\t\t\t\t\t\t<div class=\"elementor-element elementor-element-90f350e elementor-widget elementor-widget-image\" data-id=\"90f350e\" data-element_type=\"widget\" data-widget_type=\"image.default\">\n\t\t\t\t<div class=\"elementor-widget-container\">\n\t\t\t\t\t\t\t\t\t\t\t\t\t\t\t<img decoding=\"async\" width=\"511\" height=\"289\" src=\"https:\/\/belladonna.com.ar\/wp-content\/uploads\/2023\/07\/tramontanaPNG.png\" class=\"attachment-large size-large wp-image-24712\" alt=\"\" loading=\"lazy\" srcset=\"https:\/\/belladonna.com.ar\/wp-content\/uploads\/2023\/07\/tramontanaPNG.png 511w, https:\/\/belladonna.com.ar\/wp-content\/uploads\/2023\/07\/tramontanaPNG-300x170.png 300w\" sizes=\"(max-width: 511px) 100vw, 511px\" \/>\t\t\t\t\t\t\t\t\t\t\t\t\t\t\t<\/div>\n\t\t\t\t<\/div>\n\t\t\t\t\t<\/div>\n\t\t<\/div>\n\t\t\t\t\t\t\t<\/div>\n\t\t<\/section>\n\t\t\t\t<section class=\"elementor-section elementor-top-section elementor-element elementor-element-7ac57c4 elementor-section-boxed elementor-section-height-default elementor-section-height-default\" data-id=\"7ac57c4\" data-element_type=\"section\">\n\t\t\t\t\t\t<div class=\"elementor-container elementor-column-gap-default\">\n\t\t\t\t\t<div class=\"elementor-column elementor-col-50 elementor-top-column elementor-element elementor-element-4f7f41a\" data-id=\"4f7f41a\" data-element_type=\"column\">\n\t\t\t<div class=\"elementor-widget-wrap elementor-element-populated\">\n\t\t\t\t\t\t\t\t<div class=\"elementor-element elementor-element-15c89c1 elementor-widget elementor-widget-image\" data-id=\"15c89c1\" data-element_type=\"widget\" data-widget_type=\"image.default\">\n\t\t\t\t<div class=\"elementor-widget-container\">\n\t\t\t\t\t\t\t\t\t\t\t\t\t\t\t<img decoding=\"async\" width=\"511\" height=\"289\" src=\"https:\/\/belladonna.com.ar\/wp-content\/uploads\/2023\/07\/bombonPNG.png\" class=\"attachment-large size-large wp-image-24710\" alt=\"\" loading=\"lazy\" srcset=\"https:\/\/belladonna.com.ar\/wp-content\/uploads\/2023\/07\/bombonPNG.png 511w, https:\/\/belladonna.com.ar\/wp-content\/uploads\/2023\/07\/bombonPNG-300x170.png 300w\" sizes=\"(max-width: 511px) 100vw, 511px\" \/>\t\t\t\t\t\t\t\t\t\t\t\t\t\t\t<\/div>\n\t\t\t\t<\/div>\n\t\t\t\t\t<\/div>\n\t\t<\/div>\n\t\t\t\t<div class=\"elementor-column elementor-col-50 elementor-top-column elementor-element elementor-element-567011e\" data-id=\"567011e\" data-element_type=\"column\">\n\t\t\t<div class=\"elementor-widget-wrap elementor-element-populated\">\n\t\t\t\t\t\t\t\t<div class=\"elementor-element elementor-element-011209a elementor-widget elementor-widget-text-editor\" data-id=\"011209a\" data-element_type=\"widget\" data-widget_type=\"text-editor.default\">\n\t\t\t\t<div class=\"elementor-widget-container\">\n\t\t\t\t\t\t\t<p>Bomb\u00f3n suizo relleno de americana, con coraz\u00f3n de dulce de leche repostero y ba\u00f1o de chocolate semi amargo.<\/p>\t\t\t\t\t\t<\/div>\n\t\t\t\t<\/div>\n\t\t\t\t\t<\/div>\n\t\t<\/div>\n\t\t\t\t\t\t\t<\/div>\n\t\t<\/section>\n\t\t\t\t<section class=\"elementor-section elementor-top-section elementor-element elementor-element-550fe18 elementor-section-boxed elementor-section-height-default elementor-section-height-default\" data-id=\"550fe18\" data-element_type=\"section\">\n\t\t\t\t\t\t<div class=\"elementor-container elementor-column-gap-default\">\n\t\t\t\t\t<div class=\"elementor-column elementor-col-50 elementor-top-column elementor-element elementor-element-84f4312\" data-id=\"84f4312\" data-element_type=\"column\">\n\t\t\t<div class=\"elementor-widget-wrap elementor-element-populated\">\n\t\t\t\t\t\t\t\t<div class=\"elementor-element elementor-element-8dc88ca elementor-widget elementor-widget-text-editor\" data-id=\"8dc88ca\" data-element_type=\"widget\" data-widget_type=\"text-editor.default\">\n\t\t\t\t<div class=\"elementor-widget-container\">\n\t\t\t\t\t\t\t<p><span style=\"background-color: var(--ast-global-color-5);\"><br><\/span><\/p>\n<p><span style=\"background-color: var(--ast-global-color-5);\"><br><\/span><\/p>\n<p><span style=\"background-color: var(--ast-global-color-5);\">Barrita helada en 3 sabores:&nbsp;<\/span><span style=\"background-color: var(--ast-global-color-5); font-style: inherit; font-weight: inherit; color: var(--ast-global-color-3);\">Dulce de leche granizado,&nbsp;<\/span><span style=\"background-color: var(--ast-global-color-5); color: var(--ast-global-color-3); font-style: inherit; font-weight: inherit;\">Frutilla natural a la crema y Ba<\/span><span style=\"font-style: inherit; font-weight: inherit; background-color: var(--ast-global-color-5); color: var(--ast-global-color-3);\">nana con dulce de leche repostero, ba\u00f1ados en chocolate semi amargo.<\/span><\/p>\t\t\t\t\t\t<\/div>\n\t\t\t\t<\/div>\n\t\t\t\t\t<\/div>\n\t\t<\/div>\n\t\t\t\t<div class=\"elementor-column elementor-col-50 elementor-top-column elementor-element elementor-element-3f5c069\" data-id=\"3f5c069\" data-element_type=\"column\">\n\t\t\t<div class=\"elementor-widget-wrap elementor-element-populated\">\n\t\t\t\t\t\t\t\t<div class=\"elementor-element elementor-element-fa2a792 elementor-widget elementor-widget-image\" data-id=\"fa2a792\" data-element_type=\"widget\" data-widget_type=\"image.default\">\n\t\t\t\t<div class=\"elementor-widget-container\">\n\t\t\t\t\t\t\t\t\t\t\t\t\t\t\t<img decoding=\"async\" width=\"511\" height=\"289\" src=\"https:\/\/belladonna.com.ar\/wp-content\/uploads\/2023\/11\/dulce-tentacion-web.png\" class=\"attachment-large size-large wp-image-24828\" alt=\"\" loading=\"lazy\" srcset=\"https:\/\/belladonna.com.ar\/wp-content\/uploads\/2023\/11\/dulce-tentacion-web.png 511w, https:\/\/belladonna.com.ar\/wp-content\/uploads\/2023\/11\/dulce-tentacion-web-300x170.png 300w\" sizes=\"(max-width: 511px) 100vw, 511px\" \/>\t\t\t\t\t\t\t\t\t\t\t\t\t\t\t<\/div>\n\t\t\t\t<\/div>\n\t\t\t\t\t<\/div>\n\t\t<\/div>\n\t\t\t\t\t\t\t<\/div>\n\t\t<\/section>\n\t\t\t\t\t\t\t<\/div>\n\t\t","protected":false},"excerpt":{"rendered":"<p>Crema helada de vainilla, con coraz\u00f3n de dulce de leche repostero y ba\u00f1o de crocante de almendras y caramelo. Crema helada de americana, con coraz\u00f3n de dulce de leche repostero y ba\u00f1o de chocolate semi amargo. Crema helada de americana, con coraz\u00f3n de dulce de leche repostero y ba\u00f1o de bolitas de chocolate. Bomb\u00f3n suizo &hellip;<\/p>\n<p class=\"read-more\"> <a class=\"\" href=\"https:\/\/belladonna.com.ar\/?page_id=37\"> <span class=\"screen-reader-text\">Postres<\/span> Read More &raquo;<\/a><\/p>\n","protected":false},"author":3,"featured_media":0,"parent":0,"menu_order":0,"comment_status":"closed","ping_status":"closed","template":"","meta":{"site-sidebar-layout":"no-sidebar","site-content-layout":"page-builder","ast-global-header-display":"","ast-banner-title-visibility":"","ast-main-header-display":"","ast-hfb-above-header-display":"","ast-hfb-below-header-display":"","ast-hfb-mobile-header-display":"","site-post-title":"disabled","ast-breadcrumbs-content":"","ast-featured-img":"disabled","footer-sml-layout":"","theme-transparent-header-meta":"","adv-header-id-meta":"","stick-header-meta":"","header-above-stick-meta":"","header-main-stick-meta":"","header-below-stick-meta":"","_joinchat":[]},"yoast_head":"<!-- This site is optimized with the Yoast SEO plugin v20.13 - https:\/\/yoast.com\/wordpress\/plugins\/seo\/ -->\n<title>Postres - belladonna.com.ar<\/title>\n<meta name=\"robots\" content=\"index, follow, max-snippet:-1, max-image-preview:large, max-video-preview:-1\" \/>\n<link rel=\"canonical\" href=\"https:\/\/belladonna.com.ar\/?page_id=37\" \/>\n<meta property=\"og:locale\" content=\"en_US\" \/>\n<meta property=\"og:type\" content=\"article\" \/>\n<meta property=\"og:title\" content=\"Postres - belladonna.com.ar\" \/>\n<meta property=\"og:description\" content=\"Crema helada de vainilla, con coraz\u00f3n de dulce de leche repostero y ba\u00f1o de crocante de almendras y caramelo. Crema helada de americana, con coraz\u00f3n de dulce de leche repostero y ba\u00f1o de chocolate semi amargo. Crema helada de americana, con coraz\u00f3n de dulce de leche repostero y ba\u00f1o de bolitas de chocolate. Bomb\u00f3n suizo &hellip; Postres Read More &raquo;\" \/>\n<meta property=\"og:url\" content=\"https:\/\/belladonna.com.ar\/?page_id=37\" \/>\n<meta property=\"og:site_name\" content=\"belladonna.com.ar\" \/>\n<meta property=\"article:modified_time\" content=\"2023-11-01T12:16:30+00:00\" \/>\n<meta property=\"og:image\" content=\"http:\/\/belladonna.com.ar\/wp-content\/uploads\/2023\/07\/seccion-POSTRES-HELADOSPNG-768x307.png\" \/>\n<meta name=\"twitter:card\" content=\"summary_large_image\" \/>\n<meta name=\"twitter:label1\" content=\"Est. reading time\" \/>\n\t<meta name=\"twitter:data1\" content=\"2 minutes\" \/>\n<script type=\"application\/ld+json\" class=\"yoast-schema-graph\">{\"@context\":\"https:\/\/schema.org\",\"@graph\":[{\"@type\":\"WebPage\",\"@id\":\"https:\/\/belladonna.com.ar\/?page_id=37\",\"url\":\"https:\/\/belladonna.com.ar\/?page_id=37\",\"name\":\"Postres - belladonna.com.ar\",\"isPartOf\":{\"@id\":\"https:\/\/belladonna.com.ar\/#website\"},\"datePublished\":\"2023-06-25T23:38:54+00:00\",\"dateModified\":\"2023-11-01T12:16:30+00:00\",\"breadcrumb\":{\"@id\":\"https:\/\/belladonna.com.ar\/?page_id=37#breadcrumb\"},\"inLanguage\":\"en-US\",\"potentialAction\":[{\"@type\":\"ReadAction\",\"target\":[\"https:\/\/belladonna.com.ar\/?page_id=37\"]}]},{\"@type\":\"BreadcrumbList\",\"@id\":\"https:\/\/belladonna.com.ar\/?page_id=37#breadcrumb\",\"itemListElement\":[{\"@type\":\"ListItem\",\"position\":1,\"name\":\"Inicio\",\"item\":\"https:\/\/belladonna.com.ar\/\"},{\"@type\":\"ListItem\",\"position\":2,\"name\":\"Postres\"}]},{\"@type\":\"WebSite\",\"@id\":\"https:\/\/belladonna.com.ar\/#website\",\"url\":\"https:\/\/belladonna.com.ar\/\",\"name\":\"belladonna.com.ar\",\"description\":\"\",\"publisher\":{\"@id\":\"https:\/\/belladonna.com.ar\/#organization\"},\"potentialAction\":[{\"@type\":\"SearchAction\",\"target\":{\"@type\":\"EntryPoint\",\"urlTemplate\":\"https:\/\/belladonna.com.ar\/?s={search_term_string}\"},\"query-input\":\"required name=search_term_string\"}],\"inLanguage\":\"en-US\"},{\"@type\":\"Organization\",\"@id\":\"https:\/\/belladonna.com.ar\/#organization\",\"name\":\"belladonna.com.ar\",\"url\":\"https:\/\/belladonna.com.ar\/\",\"logo\":{\"@type\":\"ImageObject\",\"inLanguage\":\"en-US\",\"@id\":\"https:\/\/belladonna.com.ar\/#\/schema\/logo\/image\/\",\"url\":\"https:\/\/belladonna.com.ar\/wp-content\/uploads\/2023\/07\/cropped-Recurso-2ldpi-1.png\",\"contentUrl\":\"https:\/\/belladonna.com.ar\/wp-content\/uploads\/2023\/07\/cropped-Recurso-2ldpi-1.png\",\"width\":384,\"height\":125,\"caption\":\"belladonna.com.ar\"},\"image\":{\"@id\":\"https:\/\/belladonna.com.ar\/#\/schema\/logo\/image\/\"}}]}<\/script>\n<!-- \/ Yoast SEO plugin. -->","yoast_head_json":{"title":"Postres - belladonna.com.ar","robots":{"index":"index","follow":"follow","max-snippet":"max-snippet:-1","max-image-preview":"max-image-preview:large","max-video-preview":"max-video-preview:-1"},"canonical":"https:\/\/belladonna.com.ar\/?page_id=37","og_locale":"en_US","og_type":"article","og_title":"Postres - belladonna.com.ar","og_description":"Crema helada de vainilla, con coraz\u00f3n de dulce de leche repostero y ba\u00f1o de crocante de almendras y caramelo. Crema helada de americana, con coraz\u00f3n de dulce de leche repostero y ba\u00f1o de chocolate semi amargo. Crema helada de americana, con coraz\u00f3n de dulce de leche repostero y ba\u00f1o de bolitas de chocolate. Bomb\u00f3n suizo &hellip; Postres Read More &raquo;","og_url":"https:\/\/belladonna.com.ar\/?page_id=37","og_site_name":"belladonna.com.ar","article_modified_time":"2023-11-01T12:16:30+00:00","og_image":[{"url":"http:\/\/belladonna.com.ar\/wp-content\/uploads\/2023\/07\/seccion-POSTRES-HELADOSPNG-768x307.png"}],"twitter_card":"summary_large_image","twitter_misc":{"Est. reading time":"2 minutes"},"schema":{"@context":"https:\/\/schema.org","@graph":[{"@type":"WebPage","@id":"https:\/\/belladonna.com.ar\/?page_id=37","url":"https:\/\/belladonna.com.ar\/?page_id=37","name":"Postres - belladonna.com.ar","isPartOf":{"@id":"https:\/\/belladonna.com.ar\/#website"},"datePublished":"2023-06-25T23:38:54+00:00","dateModified":"2023-11-01T12:16:30+00:00","breadcrumb":{"@id":"https:\/\/belladonna.com.ar\/?page_id=37#breadcrumb"},"inLanguage":"en-US","potentialAction":[{"@type":"ReadAction","target":["https:\/\/belladonna.com.ar\/?page_id=37"]}]},{"@type":"BreadcrumbList","@id":"https:\/\/belladonna.com.ar\/?page_id=37#breadcrumb","itemListElement":[{"@type":"ListItem","position":1,"name":"Inicio","item":"https:\/\/belladonna.com.ar\/"},{"@type":"ListItem","position":2,"name":"Postres"}]},{"@type":"WebSite","@id":"https:\/\/belladonna.com.ar\/#website","url":"https:\/\/belladonna.com.ar\/","name":"belladonna.com.ar","description":"","publisher":{"@id":"https:\/\/belladonna.com.ar\/#organization"},"potentialAction":[{"@type":"SearchAction","target":{"@type":"EntryPoint","urlTemplate":"https:\/\/belladonna.com.ar\/?s={search_term_string}"},"query-input":"required name=search_term_string"}],"inLanguage":"en-US"},{"@type":"Organization","@id":"https:\/\/belladonna.com.ar\/#organization","name":"belladonna.com.ar","url":"https:\/\/belladonna.com.ar\/","logo":{"@type":"ImageObject","inLanguage":"en-US","@id":"https:\/\/belladonna.com.ar\/#\/schema\/logo\/image\/","url":"https:\/\/belladonna.com.ar\/wp-content\/uploads\/2023\/07\/cropped-Recurso-2ldpi-1.png","contentUrl":"https:\/\/belladonna.com.ar\/wp-content\/uploads\/2023\/07\/cropped-Recurso-2ldpi-1.png","width":384,"height":125,"caption":"belladonna.com.ar"},"image":{"@id":"https:\/\/belladonna.com.ar\/#\/schema\/logo\/image\/"}}]}},"_links":{"self":[{"href":"https:\/\/belladonna.com.ar\/index.php?rest_route=\/wp\/v2\/pages\/37"}],"collection":[{"href":"https:\/\/belladonna.com.ar\/index.php?rest_route=\/wp\/v2\/pages"}],"about":[{"href":"https:\/\/belladonna.com.ar\/index.php?rest_route=\/wp\/v2\/types\/page"}],"author":[{"embeddable":true,"href":"https:\/\/belladonna.com.ar\/index.php?rest_route=\/wp\/v2\/users\/3"}],"replies":[{"embeddable":true,"href":"https:\/\/belladonna.com.ar\/index.php?rest_route=%2Fwp%2Fv2%2Fcomments&post=37"}],"version-history":[{"count":37,"href":"https:\/\/belladonna.com.ar\/index.php?rest_route=\/wp\/v2\/pages\/37\/revisions"}],"predecessor-version":[{"id":24840,"href":"https:\/\/belladonna.com.ar\/index.php?rest_route=\/wp\/v2\/pages\/37\/revisions\/24840"}],"wp:attachment":[{"href":"https:\/\/belladonna.com.ar\/index.php?rest_route=%2Fwp%2Fv2%2Fmedia&parent=37"}],"curies":[{"name":"wp","href":"https:\/\/api.w.org\/{rel}","templated":true}]}}